{"id":20,"date":"2017-10-10T10:19:04","date_gmt":"2017-10-10T08:19:04","guid":{"rendered":"http:\/\/www.needles-pins.de\/wpnp\/?page_id=16"},"modified":"2024-11-03T20:13:38","modified_gmt":"2024-11-03T19:13:38","slug":"laser-tattoo-entfernung","status":"publish","type":"page","link":"https:\/\/needles-pins.de\/wpnp\/laser-tattoo-entfernung\/","title":{"rendered":"Gutschein"},"content":{"rendered":"<h2>&nbsp;<\/h2>\n<h2>Gutschein f\u00fcr Tattoo oder Piercing<\/h2>\n<p style=\"text-align: justify;\">Gerne k\u00f6nnt Ihr Gutscheine per Email, Social-Media oder telefonisch bei uns bestellen, wir senden sie euch dann per Post kostenlos zu!<\/p>\n<p style=\"text-align: justify;\">Bezahlm\u00f6glichkeiten sind per Bank\u00fcberweisung oder Paypal.<\/p>\n<h2 style=\"text-align: justify;\"><img loading=\"lazy\" decoding=\"async\" class=\"alignright wp-image-1035 size-full\" src=\"https:\/\/needles-pins.de\/wpnp\/wp-content\/uploads\/2024\/07\/Screenshot_20240715_102827_com.instagram.android_edit_2367462762433545.jpg\" alt=\"\" width=\"1080\" height=\"940\" srcset=\"https:\/\/needles-pins.de\/wpnp\/wp-content\/uploads\/2024\/07\/Screenshot_20240715_102827_com.instagram.android_edit_2367462762433545.jpg 1080w, https:\/\/needles-pins.de\/wpnp\/wp-content\/uploads\/2024\/07\/Screenshot_20240715_102827_com.instagram.android_edit_2367462762433545-300x261.jpg 300w, https:\/\/needles-pins.de\/wpnp\/wp-content\/uploads\/2024\/07\/Screenshot_20240715_102827_com.instagram.android_edit_2367462762433545-1024x891.jpg 1024w, https:\/\/needles-pins.de\/wpnp\/wp-content\/uploads\/2024\/07\/Screenshot_20240715_102827_com.instagram.android_edit_2367462762433545-768x668.jpg 768w\" sizes=\"auto, (max-width: 1080px) 100vw, 1080px\" \/><\/h2>\n<h2>&nbsp;<\/h2>\n<p>&nbsp;<\/p>\n<h2 style=\"text-align: justify;\">&nbsp;<\/h2>\n<p>Ein Gutschein f\u00fcr ein Tattoo oder Piercing ist das perfekte Geschenk! Er ist einzigartig, individuell und erm\u00f6glicht dem Beschenkten, seine Kreativit\u00e4t und Pers\u00f6nlichkeit auszudr\u00fccken. Ob ein neues Tattoo-Design oder ein lang ersehntes Piercing \u2013 mit diesem Gutschein erf\u00fcllst du pers\u00f6nliche W\u00fcnsche und sorgst f\u00fcr unvergessliche Erlebnisse.<\/p>\n<p style=\"text-align: justify;\">&nbsp;<\/p>\n<p>&nbsp;<\/p>\n","protected":false},"excerpt":{"rendered":"<p>&nbsp; Gutschein f\u00fcr Tattoo oder Piercing Gerne k\u00f6nnt Ihr Gutscheine <a class=\"more-link\" href=\"https:\/\/needles-pins.de\/wpnp\/laser-tattoo-entfernung\/\">weiterlesen&#8230;<\/a><\/p>\n","protected":false},"author":1,"featured_media":1035,"parent":0,"menu_order":5,"comment_status":"closed","ping_status":"closed","template":"","meta":{"ngg_post_thumbnail":0,"footnotes":""},"class_list":["post-20","page","type-page","status-publish","has-post-thumbnail","hentry"],"_links":{"self":[{"href":"https:\/\/needles-pins.de\/wpnp\/wp-json\/wp\/v2\/pages\/20","targetHints":{"allow":["GET"]}}],"collection":[{"href":"https:\/\/needles-pins.de\/wpnp\/wp-json\/wp\/v2\/pages"}],"about":[{"href":"https:\/\/needles-pins.de\/wpnp\/wp-json\/wp\/v2\/types\/page"}],"author":[{"embeddable":true,"href":"https:\/\/needles-pins.de\/wpnp\/wp-json\/wp\/v2\/users\/1"}],"replies":[{"embeddable":true,"href":"https:\/\/needles-pins.de\/wpnp\/wp-json\/wp\/v2\/comments?post=20"}],"version-history":[{"count":14,"href":"https:\/\/needles-pins.de\/wpnp\/wp-json\/wp\/v2\/pages\/20\/revisions"}],"predecessor-version":[{"id":1084,"href":"https:\/\/needles-pins.de\/wpnp\/wp-json\/wp\/v2\/pages\/20\/revisions\/1084"}],"wp:featuredmedia":[{"embeddable":true,"href":"https:\/\/needles-pins.de\/wpnp\/wp-json\/wp\/v2\/media\/1035"}],"wp:attachment":[{"href":"https:\/\/needles-pins.de\/wpnp\/wp-json\/wp\/v2\/media?parent=20"}],"curies":[{"name":"wp","href":"https:\/\/api.w.org\/{rel}","templated":true}]}}